{"id":900,"date":"2022-02-20T12:33:07","date_gmt":"2022-02-20T11:33:07","guid":{"rendered":"https:\/\/clgfrancois-rabelais37.fr\/?page_id=900"},"modified":"2023-08-17T12:41:56","modified_gmt":"2023-08-17T10:41:56","slug":"laccueil-des-efiv-et-des-eleves-allophones","status":"publish","type":"page","link":"https:\/\/clgfrancois-rabelais37.fr\/?page_id=900","title":{"rendered":"L&rsquo;inclusion"},"content":{"rendered":"\n<p>Le coll\u00e8ge scolarise les enfants des familles itin\u00e9rantes et voyageurs (EFIV) ainsi que des \u00e9l\u00e8ves allophones en Fran\u00e7ais langue de scolarisation. Ils ont des cours sp\u00e9cifiques puis sont inclus dans les classes, lorsque leur connaissance de la langue fran\u00e7aise le permet.<\/p>\n\n\n\n<p>Depuis 2022, le coll\u00e8ge accueille des \u00e9l\u00e8ves issu de la classe ETAPE de l&rsquo;ITEP.<\/p>\n\n\n\n<figure class=\"wp-block-embed is-type-wp-embed is-provider-enfance-amp-pluriel wp-block-embed-enfance-amp-pluriel\"><div class=\"wp-block-embed__wrapper\">\nhttps:\/\/enfance-pluriel.fr\/nos-etablissements-itep-leveil\/\n<\/div><\/figure>\n\n\n\n<p><a href=\"https:\/\/www.monparcourshandicap.gouv.fr\/scolarite\/pourquoi-et-comment-deposer-un-dossier-aupres-de-la-mdph\">Pourquoi et comment d\u00e9poser un dossier aupr\u00e8s de la MDPH<\/a><\/p>\n\n\n\n<p><\/p>\n","protected":false},"excerpt":{"rendered":"<p>Le coll\u00e8ge scolarise les enfants des familles itin\u00e9rantes et voyageurs (EFIV) ainsi que des \u00e9l\u00e8ves allophones en Fran\u00e7ais langue de scolarisation. Ils ont des cours sp\u00e9cifiques puis sont inclus dans les classes, lorsque leur connaissance de la langue fran\u00e7aise le permet. Depuis 2022, le coll\u00e8ge accueille des \u00e9l\u00e8ves issu de la classe ETAPE de l&rsquo;ITEP. [&hellip;]<\/p>\n","protected":false},"author":1,"featured_media":0,"parent":0,"menu_order":0,"comment_status":"closed","ping_status":"closed","template":"","meta":{"saved_in_kubio":false,"footnotes":""},"categories":[],"tags":[],"class_list":["post-900","page","type-page","status-publish","hentry"],"kubio_ai_page_context":{"short_desc":"","purpose":"general"},"_links":{"self":[{"href":"https:\/\/clgfrancois-rabelais37.fr\/index.php?rest_route=\/wp\/v2\/pages\/900","targetHints":{"allow":["GET"]}}],"collection":[{"href":"https:\/\/clgfrancois-rabelais37.fr\/index.php?rest_route=\/wp\/v2\/pages"}],"about":[{"href":"https:\/\/clgfrancois-rabelais37.fr\/index.php?rest_route=\/wp\/v2\/types\/page"}],"author":[{"embeddable":true,"href":"https:\/\/clgfrancois-rabelais37.fr\/index.php?rest_route=\/wp\/v2\/users\/1"}],"replies":[{"embeddable":true,"href":"https:\/\/clgfrancois-rabelais37.fr\/index.php?rest_route=%2Fwp%2Fv2%2Fcomments&post=900"}],"version-history":[{"count":3,"href":"https:\/\/clgfrancois-rabelais37.fr\/index.php?rest_route=\/wp\/v2\/pages\/900\/revisions"}],"predecessor-version":[{"id":2140,"href":"https:\/\/clgfrancois-rabelais37.fr\/index.php?rest_route=\/wp\/v2\/pages\/900\/revisions\/2140"}],"wp:attachment":[{"href":"https:\/\/clgfrancois-rabelais37.fr\/index.php?rest_route=%2Fwp%2Fv2%2Fmedia&parent=900"}],"wp:term":[{"taxonomy":"category","embeddable":true,"href":"https:\/\/clgfrancois-rabelais37.fr\/index.php?rest_route=%2Fwp%2Fv2%2Fcategories&post=900"},{"taxonomy":"post_tag","embeddable":true,"href":"https:\/\/clgfrancois-rabelais37.fr\/index.php?rest_route=%2Fwp%2Fv2%2Ftags&post=900"}],"curies":[{"name":"wp","href":"https:\/\/api.w.org\/{rel}","templated":true}]}}

<p>Le collège scolarise les enfants des familles itinérantes et voyageurs (EFIV) ainsi que des élèves allophones en Français langue de scolarisation. Ils ont des cours spécifiques puis sont inclus dans les classes, lorsque leur connaissance de la langue française le permet.</p>



<p>Depuis 2022, le collège accueille des élèves issu de la classe ETAPE de l&rsquo;ITEP.</p>



<figure class="wp-block-embed is-type-wp-embed is-provider-enfance-amp-pluriel wp-block-embed-enfance-amp-pluriel"><div class="wp-block-embed__wrapper">
https://enfance-pluriel.fr/nos-etablissements-itep-leveil/
</div></figure>



<p><a href="https://www.monparcourshandicap.gouv.fr/scolarite/pourquoi-et-comment-deposer-un-dossier-aupres-de-la-mdph">Pourquoi et comment déposer un dossier auprès de la MDPH</a></p>



<p></p>

<p>Le collège scolarise les enfants des familles itinérantes et voyageurs (EFIV) ainsi que des élèves allophones en Français langue de scolarisation. Ils ont des cours spécifiques puis sont inclus dans les classes, lorsque leur connaissance de la langue française le permet. Depuis 2022, le collège accueille des élèves issu de la classe ETAPE de l&rsquo;ITEP. [&hellip;]</p>
