{"id":1618,"date":"2022-09-20T13:01:47","date_gmt":"2022-09-20T11:01:47","guid":{"rendered":"https:\/\/clgfrancois-rabelais37.fr\/?page_id=1618"},"modified":"2023-01-16T18:12:35","modified_gmt":"2023-01-16T17:12:35","slug":"le-projet-detablissement","status":"publish","type":"page","link":"https:\/\/clgfrancois-rabelais37.fr\/?page_id=1618","title":{"rendered":"Le projet d&rsquo;\u00e9tablissement 2022-2025"},"content":{"rendered":"\n<p>Si l&rsquo;ensemble de la communaut\u00e9 \u00e9ducative a connaissance du projet d&rsquo;\u00e9tablissement, tous les acteurs du syst\u00e8me, et parents d&rsquo;\u00e9l\u00e8ves notamment, ne le connaissent pas forc\u00e9ment. Un petit historique s&rsquo;impose.<\/p>\n\n\n\n<p><strong>Depuis la loi d&rsquo;orientation sur l&rsquo;\u00e9ducation du 10 juillet 1989,<\/strong> \u00ab les \u00e9coles, les coll\u00e8ges, les lyc\u00e9es d&rsquo;enseignement g\u00e9n\u00e9ral et technologique et les lyc\u00e9es professionnels \u00e9laborent un projet d&rsquo;\u00e9tablissement. Celui-ci d\u00e9finit les modalit\u00e9s particuli\u00e8res de mise en \u0153uvre des objectifs et des programmes nationaux \u00bb (Circulaire n\u00b090-108 du 17 mai 1990).<\/p>\n\n\n\n<p>Tout en s&rsquo;inscrivant dans les orientations, les objectifs et programmes acad\u00e9miques et nationaux, le projet d&rsquo;\u00e9tablissement est l&rsquo;expression de l&rsquo;autonomie de l&rsquo;\u00e9tablissement public local d&rsquo;enseignement (EPLE) dans ses choix p\u00e9dagogiques et \u00e9ducatifs. Il est adopt\u00e9 par le conseil d&rsquo;administration pour une dur\u00e9e de 3 \u00e0 5 ans. Ses r\u00e9sultats doivent \u00eatre r\u00e9guli\u00e8rement \u00e9valu\u00e9s et ses actions r\u00e9ajust\u00e9es au besoin.<br>Vous trouverez, ci-dessous, notre projet d&rsquo;\u00e9tablissement:<\/p>\n\n\n\n<div data-wp-interactive=\"core\/file\" class=\"wp-block-file aligncenter\"><object data-wp-bind--hidden=\"!state.hasPdfPreview\" hidden class=\"wp-block-file__embed\" data=\"https:\/\/clgfrancois-rabelais37.fr\/wp-content\/uploads\/2023\/01\/P_Direction_CONTRACTUALISATION_2021_2025_PROJET-ETS-2022-2025-JANV-2023-1.pdf\" type=\"application\/pdf\" style=\"width:100%;height:610px\" aria-label=\"Contenu embarqu\u00e9 P_Direction_CONTRACTUALISATION_2021_2025_PROJET ETS 2022-2025 JANV 2023.\"><\/object><a id=\"wp-block-file--media-015f6ba8-0cff-4709-b5cd-e5197ca7cac8\" href=\"https:\/\/clgfrancois-rabelais37.fr\/wp-content\/uploads\/2023\/01\/P_Direction_CONTRACTUALISATION_2021_2025_PROJET-ETS-2022-2025-JANV-2023-1.pdf\">P_Direction_CONTRACTUALISATION_2021_2025_PROJET ETS 2022-2025 JANV 2023<\/a><a href=\"https:\/\/clgfrancois-rabelais37.fr\/wp-content\/uploads\/2023\/01\/P_Direction_CONTRACTUALISATION_2021_2025_PROJET-ETS-2022-2025-JANV-2023-1.pdf\" class=\"wp-block-file__button wp-element-button\" download aria-describedby=\"wp-block-file--media-015f6ba8-0cff-4709-b5cd-e5197ca7cac8\">T\u00e9l\u00e9charger<\/a><\/div>\n\n\n\n<p> <\/p>\n","protected":false},"excerpt":{"rendered":"<p>Si l&rsquo;ensemble de la communaut\u00e9 \u00e9ducative a connaissance du projet d&rsquo;\u00e9tablissement, tous les acteurs du syst\u00e8me, et parents d&rsquo;\u00e9l\u00e8ves notamment, ne le connaissent pas forc\u00e9ment. Un petit historique s&rsquo;impose. Depuis la loi d&rsquo;orientation sur l&rsquo;\u00e9ducation du 10 juillet 1989, \u00ab les \u00e9coles, les coll\u00e8ges, les lyc\u00e9es d&rsquo;enseignement g\u00e9n\u00e9ral et technologique et les lyc\u00e9es professionnels \u00e9laborent [&hellip;]<\/p>\n","protected":false},"author":1,"featured_media":0,"parent":0,"menu_order":0,"comment_status":"closed","ping_status":"closed","template":"","meta":{"saved_in_kubio":false,"footnotes":""},"categories":[],"tags":[],"class_list":["post-1618","page","type-page","status-publish","hentry"],"kubio_ai_page_context":{"short_desc":"","purpose":"general"},"_links":{"self":[{"href":"https:\/\/clgfrancois-rabelais37.fr\/index.php?rest_route=\/wp\/v2\/pages\/1618","targetHints":{"allow":["GET"]}}],"collection":[{"href":"https:\/\/clgfrancois-rabelais37.fr\/index.php?rest_route=\/wp\/v2\/pages"}],"about":[{"href":"https:\/\/clgfrancois-rabelais37.fr\/index.php?rest_route=\/wp\/v2\/types\/page"}],"author":[{"embeddable":true,"href":"https:\/\/clgfrancois-rabelais37.fr\/index.php?rest_route=\/wp\/v2\/users\/1"}],"replies":[{"embeddable":true,"href":"https:\/\/clgfrancois-rabelais37.fr\/index.php?rest_route=%2Fwp%2Fv2%2Fcomments&post=1618"}],"version-history":[{"count":4,"href":"https:\/\/clgfrancois-rabelais37.fr\/index.php?rest_route=\/wp\/v2\/pages\/1618\/revisions"}],"predecessor-version":[{"id":1828,"href":"https:\/\/clgfrancois-rabelais37.fr\/index.php?rest_route=\/wp\/v2\/pages\/1618\/revisions\/1828"}],"wp:attachment":[{"href":"https:\/\/clgfrancois-rabelais37.fr\/index.php?rest_route=%2Fwp%2Fv2%2Fmedia&parent=1618"}],"wp:term":[{"taxonomy":"category","embeddable":true,"href":"https:\/\/clgfrancois-rabelais37.fr\/index.php?rest_route=%2Fwp%2Fv2%2Fcategories&post=1618"},{"taxonomy":"post_tag","embeddable":true,"href":"https:\/\/clgfrancois-rabelais37.fr\/index.php?rest_route=%2Fwp%2Fv2%2Ftags&post=1618"}],"curies":[{"name":"wp","href":"https:\/\/api.w.org\/{rel}","templated":true}]}}

Le projet d&rsquo;établissement 2022-2025

<p>Si l&rsquo;ensemble de la communauté éducative a connaissance du projet d&rsquo;établissement, tous les acteurs du système, et parents d&rsquo;élèves notamment, ne le connaissent pas forcément. Un petit historique s&rsquo;impose.</p>



<p><strong>Depuis la loi d&rsquo;orientation sur l&rsquo;éducation du 10 juillet 1989,</strong> « les écoles, les collèges, les lycées d&rsquo;enseignement général et technologique et les lycées professionnels élaborent un projet d&rsquo;établissement. Celui-ci définit les modalités particulières de mise en œuvre des objectifs et des programmes nationaux » (Circulaire n°90-108 du 17 mai 1990).</p>



<p>Tout en s&rsquo;inscrivant dans les orientations, les objectifs et programmes académiques et nationaux, le projet d&rsquo;établissement est l&rsquo;expression de l&rsquo;autonomie de l&rsquo;établissement public local d&rsquo;enseignement (EPLE) dans ses choix pédagogiques et éducatifs. Il est adopté par le conseil d&rsquo;administration pour une durée de 3 à 5 ans. Ses résultats doivent être régulièrement évalués et ses actions réajustées au besoin.<br>Vous trouverez, ci-dessous, notre projet d&rsquo;établissement:</p>



<div data-wp-interactive="core/file" class="wp-block-file aligncenter"><object data-wp-bind--hidden="!state.hasPdfPreview" hidden class="wp-block-file__embed" data="https://clgfrancois-rabelais37.fr/wp-content/uploads/2023/01/P_Direction_CONTRACTUALISATION_2021_2025_PROJET-ETS-2022-2025-JANV-2023-1.pdf" type="application/pdf" style="width:100%;height:610px" aria-label="Contenu embarqué P_Direction_CONTRACTUALISATION_2021_2025_PROJET ETS 2022-2025 JANV 2023."></object><a id="wp-block-file--media-015f6ba8-0cff-4709-b5cd-e5197ca7cac8" href="https://clgfrancois-rabelais37.fr/wp-content/uploads/2023/01/P_Direction_CONTRACTUALISATION_2021_2025_PROJET-ETS-2022-2025-JANV-2023-1.pdf">P_Direction_CONTRACTUALISATION_2021_2025_PROJET ETS 2022-2025 JANV 2023</a><a href="https://clgfrancois-rabelais37.fr/wp-content/uploads/2023/01/P_Direction_CONTRACTUALISATION_2021_2025_PROJET-ETS-2022-2025-JANV-2023-1.pdf" class="wp-block-file__button wp-element-button" download aria-describedby="wp-block-file--media-015f6ba8-0cff-4709-b5cd-e5197ca7cac8">Télécharger</a></div>



<p> </p>

<p>Si l&rsquo;ensemble de la communauté éducative a connaissance du projet d&rsquo;établissement, tous les acteurs du système, et parents d&rsquo;élèves notamment, ne le connaissent pas forcément. Un petit historique s&rsquo;impose. Depuis la loi d&rsquo;orientation sur l&rsquo;éducation du 10 juillet 1989, « les écoles, les collèges, les lycées d&rsquo;enseignement général et technologique et les lycées professionnels élaborent [&hellip;]</p>
